{"id":84,"date":"2024-06-04T22:51:55","date_gmt":"2024-06-04T20:51:55","guid":{"rendered":"https:\/\/www.omega-info.com\/?page_id=84"},"modified":"2025-05-10T13:24:23","modified_gmt":"2025-05-10T11:24:23","slug":"accueil","status":"publish","type":"page","link":"https:\/\/www.omega-info.com\/","title":{"rendered":"Accueil"},"content":{"rendered":"\t\t<div data-elementor-type=\"wp-post\" data-elementor-id=\"84\" class=\"elementor elementor-84\" data-elementor-post-type=\"page\">\n\t\t\t\t<div class=\"elementor-element elementor-element-bc3e939 e-flex e-con-boxed e-con e-parent\" data-id=\"bc3e939\" data-element_type=\"container\" data-e-type=\"container\">\n\t\t\t\t\t<div class=\"e-con-inner\">\n\t\t<div class=\"elementor-element elementor-element-9c9f743 e-con-full e-flex e-con e-child\" data-id=\"9c9f743\" data-element_type=\"container\" data-e-type=\"container\">\n\t\t\t\t<div class=\"elementor-element elementor-element-8aecbc4 elementor-align-justify elementor-widget elementor-widget-button\" data-id=\"8aecbc4\" data-element_type=\"widget\" data-e-type=\"widget\" data-widget_type=\"button.default\">\n\t\t\t\t<div class=\"elementor-widget-container\">\n\t\t\t\t\t\t\t\t\t<div class=\"elementor-button-wrapper\">\n\t\t\t\t\t<a class=\"elementor-button elementor-button-link elementor-size-sm\" href=\"https:\/\/omega-informatique.fr\" target=\"_blank\" id=\"La_boutique\">\n\t\t\t\t\t\t<span class=\"elementor-button-content-wrapper\">\n\t\t\t\t\t\t\t\t\t<span class=\"elementor-button-text\">La boutique d'om\u00e9ga informatique<\/span>\n\t\t\t\t\t<\/span>\n\t\t\t\t\t<\/a>\n\t\t\t\t<\/div>\n\t\t\t\t\t\t\t\t<\/div>\n\t\t\t\t<\/div>\n\t\t\t\t<\/div>\n\t\t\t\t\t<\/div>\n\t\t\t\t<\/div>\n\t\t<div class=\"elementor-element elementor-element-ec9fa6b e-flex e-con-boxed e-con e-parent\" data-id=\"ec9fa6b\" data-element_type=\"container\" data-e-type=\"container\">\n\t\t\t\t\t<div class=\"e-con-inner\">\n\t\t\t\t<div class=\"elementor-element elementor-element-9cbf80d elementor-widget elementor-widget-heading\" data-id=\"9cbf80d\" data-element_type=\"widget\" data-e-type=\"widget\" data-widget_type=\"heading.default\">\n\t\t\t\t<div class=\"elementor-widget-container\">\n\t\t\t\t\t<h1 class=\"elementor-heading-title elementor-size-default\">Accueil<\/h1>\t\t\t\t<\/div>\n\t\t\t\t<\/div>\n\t\t\t\t\t<\/div>\n\t\t\t\t<\/div>\n\t\t<div class=\"elementor-element elementor-element-b38da24 e-grid e-con-boxed e-con e-parent\" data-id=\"b38da24\" data-element_type=\"container\" data-e-type=\"container\">\n\t\t\t\t\t<div class=\"e-con-inner\">\n\t\t<div class=\"elementor-element elementor-element-4a290c9 e-flex e-con-boxed e-con e-child\" data-id=\"4a290c9\" data-element_type=\"container\" data-e-type=\"container\">\n\t\t\t\t\t<div class=\"e-con-inner\">\n\t\t\t\t<div class=\"elementor-element elementor-element-699f5db elementor-widget-laptop__width-initial elementor-widget elementor-widget-image\" data-id=\"699f5db\" data-element_type=\"widget\" data-e-type=\"widget\" data-widget_type=\"image.default\">\n\t\t\t\t<div class=\"elementor-widget-container\">\n\t\t\t\t\t\t\t\t\t\t\t\t\t\t\t<img fetchpriority=\"high\" decoding=\"async\" width=\"612\" height=\"408\" src=\"https:\/\/www.omega-info.com\/wp-content\/uploads\/2024\/06\/istockphoto-1446934118-612x612-1.jpg\" class=\"attachment-large size-large wp-image-113\" alt=\"\" srcset=\"https:\/\/www.omega-info.com\/wp-content\/uploads\/2024\/06\/istockphoto-1446934118-612x612-1.jpg 612w, https:\/\/www.omega-info.com\/wp-content\/uploads\/2024\/06\/istockphoto-1446934118-612x612-1-300x200.jpg 300w\" sizes=\"(max-width: 612px) 100vw, 612px\" \/>\t\t\t\t\t\t\t\t\t\t\t\t\t\t\t<\/div>\n\t\t\t\t<\/div>\n\t\t\t\t\t<\/div>\n\t\t\t\t<\/div>\n\t\t<div class=\"elementor-element elementor-element-d7ab1e5 e-flex e-con-boxed e-con e-child\" data-id=\"d7ab1e5\" data-element_type=\"container\" data-e-type=\"container\">\n\t\t\t\t\t<div class=\"e-con-inner\">\n\t\t\t\t<div class=\"elementor-element elementor-element-57f8565 elementor-widget-laptop__width-initial elementor-widget elementor-widget-text-editor\" data-id=\"57f8565\" data-element_type=\"widget\" data-e-type=\"widget\" data-widget_type=\"text-editor.default\">\n\t\t\t\t<div class=\"elementor-widget-container\">\n\t\t\t\t\t\t\t\t\t<h4 style=\"text-align: center;\"><span style=\"color: #000000;\">\u00c0 Propos de Nous<\/span><\/h4><p><span style=\"color: #000000;\">Om\u00e9ga Informatique est une entreprise sp\u00e9cialis\u00e9e dans la vente et la maintenance de solutions informatiques pour particuliers et entreprises. Depuis notre cr\u00e9ation en 2010, nous nous sommes engag\u00e9s \u00e0 fournir des produits de haute qualit\u00e9 et des services qui garantissent pour garantir la satisfaction de nos clients.<\/span><\/p>\t\t\t\t\t\t\t\t<\/div>\n\t\t\t\t<\/div>\n\t\t\t\t\t<\/div>\n\t\t\t\t<\/div>\n\t\t\t\t<div class=\"elementor-element elementor-element-6512241 elementor-widget elementor-widget-image\" data-id=\"6512241\" data-element_type=\"widget\" data-e-type=\"widget\" data-widget_type=\"image.default\">\n\t\t\t\t<div class=\"elementor-widget-container\">\n\t\t\t\t\t\t\t\t\t\t\t\t\t\t\t<img decoding=\"async\" width=\"1024\" height=\"683\" src=\"https:\/\/www.omega-info.com\/wp-content\/uploads\/2024\/06\/group-young-business-people-working-office-1024x683.jpg\" class=\"attachment-large size-large wp-image-116\" alt=\"\" srcset=\"https:\/\/www.omega-info.com\/wp-content\/uploads\/2024\/06\/group-young-business-people-working-office-1024x683.jpg 1024w, https:\/\/www.omega-info.com\/wp-content\/uploads\/2024\/06\/group-young-business-people-working-office-300x200.jpg 300w, https:\/\/www.omega-info.com\/wp-content\/uploads\/2024\/06\/group-young-business-people-working-office-768x512.jpg 768w, https:\/\/www.omega-info.com\/wp-content\/uploads\/2024\/06\/group-young-business-people-working-office-1536x1024.jpg 1536w, https:\/\/www.omega-info.com\/wp-content\/uploads\/2024\/06\/group-young-business-people-working-office-2048x1365.jpg 2048w, https:\/\/www.omega-info.com\/wp-content\/uploads\/2024\/06\/group-young-business-people-working-office-930x620.jpg 930w\" sizes=\"(max-width: 1024px) 100vw, 1024px\" \/>\t\t\t\t\t\t\t\t\t\t\t\t\t\t\t<\/div>\n\t\t\t\t<\/div>\n\t\t\t\t<div class=\"elementor-element elementor-element-877a214 elementor-widget elementor-widget-text-editor\" data-id=\"877a214\" data-element_type=\"widget\" data-e-type=\"widget\" data-widget_type=\"text-editor.default\">\n\t\t\t\t<div class=\"elementor-widget-container\">\n\t\t\t\t\t\t\t\t\t<h4 style=\"text-align: center;\"><span style=\"color: #000000;\">Nos formations<\/span><\/h4><div style=\"text-align: left;\"><span style=\"color: #000000;\">Nous vous proposons des formations personalis\u00e9es, individuelles peuvent \u00eatre eligible au <a href=\"https:\/\/www.moncompteformation.gouv.fr\/\" target=\"_blank\" rel=\"noopener\">CPF<\/a>\u00a0et certifi\u00e9 <a href=\"https:\/\/www.dynamics-formations.fr\/\" target=\"_blank\" rel=\"noopener\">Qualiopi<\/a> (Sous traitant). Vous pouvez consulter nos formations, pour les professionnels et les particuliers en cliquant <a href=\"https:\/\/www.omega-info.com\/index.php\/formations\/\">ici.<\/a><\/span><\/div><div style=\"text-align: left;\"><span style=\"color: #333333;\"><strong>Nous propsons \u00e9galement des prestations d&rsquo;aide \u00e0 l&rsquo;utilisation de l&rsquo;outils informatique via notre partenaire <a href=\"http:\/\/lbformaction.fr\">LB Form&rsquo;Action<\/a> agr\u00e9er pour le service \u00e0 la personne.<\/strong><img decoding=\"async\" class=\"aligncenter wp-image-772\" src=\"https:\/\/www.omega-info.com\/wp-content\/uploads\/2024\/06\/Traceur_SAP_buro_rvb_png-300x249.png\" alt=\"\" width=\"67\" height=\"56\" srcset=\"https:\/\/www.omega-info.com\/wp-content\/uploads\/2024\/06\/Traceur_SAP_buro_rvb_png-300x249.png 300w, https:\/\/www.omega-info.com\/wp-content\/uploads\/2024\/06\/Traceur_SAP_buro_rvb_png-1024x851.png 1024w, https:\/\/www.omega-info.com\/wp-content\/uploads\/2024\/06\/Traceur_SAP_buro_rvb_png-768x638.png 768w, https:\/\/www.omega-info.com\/wp-content\/uploads\/2024\/06\/Traceur_SAP_buro_rvb_png-1536x1277.png 1536w, https:\/\/www.omega-info.com\/wp-content\/uploads\/2024\/06\/Traceur_SAP_buro_rvb_png.png 1570w\" sizes=\"(max-width: 67px) 100vw, 67px\" \/><\/span><\/div>\t\t\t\t\t\t\t\t<\/div>\n\t\t\t\t<\/div>\n\t\t<div class=\"elementor-element elementor-element-f5f8c42 e-flex e-con-boxed e-con e-child\" data-id=\"f5f8c42\" data-element_type=\"container\" data-e-type=\"container\">\n\t\t\t\t\t<div class=\"e-con-inner\">\n\t\t\t\t<div class=\"elementor-element elementor-element-560705f elementor-widget elementor-widget-image\" data-id=\"560705f\" data-element_type=\"widget\" data-e-type=\"widget\" data-widget_type=\"image.default\">\n\t\t\t\t<div class=\"elementor-widget-container\">\n\t\t\t\t\t\t\t\t\t\t\t\t\t\t\t<img loading=\"lazy\" decoding=\"async\" width=\"300\" height=\"169\" src=\"https:\/\/www.omega-info.com\/wp-content\/uploads\/2024\/06\/istockphoto-1321462048-612x612-1-300x169.jpg\" class=\"attachment-medium size-medium wp-image-119\" alt=\"\" srcset=\"https:\/\/www.omega-info.com\/wp-content\/uploads\/2024\/06\/istockphoto-1321462048-612x612-1-300x169.jpg 300w, https:\/\/www.omega-info.com\/wp-content\/uploads\/2024\/06\/istockphoto-1321462048-612x612-1.jpg 612w\" sizes=\"(max-width: 300px) 100vw, 300px\" \/>\t\t\t\t\t\t\t\t\t\t\t\t\t\t\t<\/div>\n\t\t\t\t<\/div>\n\t\t\t\t\t<\/div>\n\t\t\t\t<\/div>\n\t\t\t\t<div class=\"elementor-element elementor-element-3da953e elementor-widget elementor-widget-text-editor\" data-id=\"3da953e\" data-element_type=\"widget\" data-e-type=\"widget\" data-widget_type=\"text-editor.default\">\n\t\t\t\t<div class=\"elementor-widget-container\">\n\t\t\t\t\t\t\t\t\t<h4 style=\"text-align: center;\"><span style=\"color: #000000;\">Nos services<\/span><\/h4><p><span style=\"color: #000000;\">Om\u00e9ga informatique propse des prestations informatiques de qualit\u00e9. De la vente \u00e0 la r\u00e9paration nous assurons le suivi de nos clients. Notre accueil t\u00e9l\u00e9phonique et notre magasin sont l\u00e0 pour vous orienter et vous conseiller sur les meilleurs choix \u00e0 faire. Nous prenons en charge votre mat\u00e9riel dans <a href=\"https:\/\/www.omega-info.com\/index.php\/professionnels\/\">votre entreprise<\/a> mais aussi <a href=\"https:\/\/www.omega-info.com\/index.php\/particuliers\/\">chez vous<\/a>.<\/span><\/p>\t\t\t\t\t\t\t\t<\/div>\n\t\t\t\t<\/div>\n\t\t\t\t\t<\/div>\n\t\t\t\t<\/div>\n\t\t\t\t<\/div>\n\t\t","protected":false},"excerpt":{"rendered":"<p>La boutique d&rsquo;om\u00e9ga informatique Accueil \u00c0 Propos de Nous Om\u00e9ga Informatique est une entreprise sp\u00e9cialis\u00e9e dans la vente et la maintenance de solutions informatiques pour particuliers et entreprises. Depuis notre cr\u00e9ation en 2010, nous nous sommes engag\u00e9s \u00e0 fournir des produits de haute qualit\u00e9 et des services qui garantissent pour garantir la satisfaction de nos&hellip;&nbsp;<a href=\"https:\/\/www.omega-info.com\/\" rel=\"bookmark\">Lire la suite &raquo;<span class=\"screen-reader-text\">Accueil<\/span><\/a><\/p>\n","protected":false},"author":2,"featured_media":294,"parent":0,"menu_order":0,"comment_status":"closed","ping_status":"closed","template":"elementor_header_footer","meta":{"neve_meta_sidebar":"","neve_meta_container":"full-width","neve_meta_enable_content_width":"","neve_meta_content_width":0,"neve_meta_title_alignment":"center","neve_meta_author_avatar":"","neve_post_elements_order":"","neve_meta_disable_header":"","neve_meta_disable_footer":"","neve_meta_disable_title":"on","advanced_seo_description":"Omega Informatique - Vente - D\u00e9pannage - Formations - Professionnels - Particuliers","jetpack_seo_html_title":"Omega Informatique","jetpack_seo_noindex":false,"_themeisle_gutenberg_block_has_review":false,"footnotes":""},"class_list":["post-84","page","type-page","status-publish","has-post-thumbnail","hentry"],"jetpack_sharing_enabled":false,"_links":{"self":[{"href":"https:\/\/www.omega-info.com\/index.php\/wp-json\/wp\/v2\/pages\/84","targetHints":{"allow":["GET"]}}],"collection":[{"href":"https:\/\/www.omega-info.com\/index.php\/wp-json\/wp\/v2\/pages"}],"about":[{"href":"https:\/\/www.omega-info.com\/index.php\/wp-json\/wp\/v2\/types\/page"}],"author":[{"embeddable":true,"href":"https:\/\/www.omega-info.com\/index.php\/wp-json\/wp\/v2\/users\/2"}],"replies":[{"embeddable":true,"href":"https:\/\/www.omega-info.com\/index.php\/wp-json\/wp\/v2\/comments?post=84"}],"version-history":[{"count":245,"href":"https:\/\/www.omega-info.com\/index.php\/wp-json\/wp\/v2\/pages\/84\/revisions"}],"predecessor-version":[{"id":1709,"href":"https:\/\/www.omega-info.com\/index.php\/wp-json\/wp\/v2\/pages\/84\/revisions\/1709"}],"wp:featuredmedia":[{"embeddable":true,"href":"https:\/\/www.omega-info.com\/index.php\/wp-json\/wp\/v2\/media\/294"}],"wp:attachment":[{"href":"https:\/\/www.omega-info.com\/index.php\/wp-json\/wp\/v2\/media?parent=84"}],"curies":[{"name":"wp","href":"https:\/\/api.w.org\/{rel}","templated":true}]}}